{"id":915,"date":"2025-02-25T17:15:09","date_gmt":"2025-02-25T17:15:09","guid":{"rendered":"https:\/\/compagniefrontieres.fr\/?page_id=915"},"modified":"2026-02-01T15:40:19","modified_gmt":"2026-02-01T15:40:19","slug":"agnes-canova","status":"publish","type":"page","link":"https:\/\/compagniefrontieres.fr\/?page_id=915","title":{"rendered":"Agn\u00e8s Canova"},"content":{"rendered":"\t\t<div data-elementor-type=\"wp-page\" data-elementor-id=\"915\" class=\"elementor elementor-915\" data-elementor-post-type=\"page\">\n\t\t\t\t<div class=\"elementor-element elementor-element-9051a62 e-flex e-con-boxed e-con e-parent\" data-id=\"9051a62\" data-element_type=\"container\" data-e-type=\"container\">\n\t\t\t\t\t<div class=\"e-con-inner\">\n\t\t\t\t<div class=\"elementor-element elementor-element-3b40027 elementor-widget elementor-widget-spacer\" data-id=\"3b40027\" data-element_type=\"widget\" data-e-type=\"widget\" data-widget_type=\"spacer.default\">\n\t\t\t\t<div class=\"elementor-widget-container\">\n\t\t\t\t\t\t\t<div class=\"elementor-spacer\">\n\t\t\t<div class=\"elementor-spacer-inner\"><\/div>\n\t\t<\/div>\n\t\t\t\t\t\t<\/div>\n\t\t\t\t<\/div>\n\t\t\t\t\t<\/div>\n\t\t\t\t<\/div>\n\t\t<div class=\"elementor-element elementor-element-f1a23e3 e-flex e-con-boxed e-con e-parent\" data-id=\"f1a23e3\" data-element_type=\"container\" data-e-type=\"container\">\n\t\t\t\t\t<div class=\"e-con-inner\">\n\t\t<div class=\"elementor-element elementor-element-9fc2111 e-con-full e-flex e-con e-child\" data-id=\"9fc2111\" data-element_type=\"container\" data-e-type=\"container\">\n\t\t\t\t<div class=\"elementor-element elementor-element-8038c03 elementor-widget elementor-widget-image\" data-id=\"8038c03\" data-element_type=\"widget\" data-e-type=\"widget\" data-widget_type=\"image.default\">\n\t\t\t\t<div class=\"elementor-widget-container\">\n\t\t\t\t\t\t\t\t\t\t\t\t\t\t\t<img fetchpriority=\"high\" decoding=\"async\" width=\"800\" height=\"534\" src=\"https:\/\/compagniefrontieres.fr\/wp-content\/uploads\/2024\/02\/IMG_6259-1024x683.jpg\" class=\"attachment-large size-large wp-image-171\" alt=\"\" srcset=\"https:\/\/compagniefrontieres.fr\/wp-content\/uploads\/2024\/02\/IMG_6259-1024x683.jpg 1024w, https:\/\/compagniefrontieres.fr\/wp-content\/uploads\/2024\/02\/IMG_6259-300x200.jpg 300w, https:\/\/compagniefrontieres.fr\/wp-content\/uploads\/2024\/02\/IMG_6259-768x512.jpg 768w, https:\/\/compagniefrontieres.fr\/wp-content\/uploads\/2024\/02\/IMG_6259-1536x1024.jpg 1536w, https:\/\/compagniefrontieres.fr\/wp-content\/uploads\/2024\/02\/IMG_6259-2048x1365.jpg 2048w\" sizes=\"(max-width: 800px) 100vw, 800px\" \/>\t\t\t\t\t\t\t\t\t\t\t\t\t\t\t<\/div>\n\t\t\t\t<\/div>\n\t\t\t\t<\/div>\n\t\t<div class=\"elementor-element elementor-element-f545c33 e-con-full e-flex e-con e-child\" data-id=\"f545c33\" data-element_type=\"container\" data-e-type=\"container\">\n\t\t\t\t<div class=\"elementor-element elementor-element-2b26a2a elementor-widget__width-initial e-transform elementor-widget elementor-widget-image\" data-id=\"2b26a2a\" data-element_type=\"widget\" data-e-type=\"widget\" data-settings=\"{&quot;_transform_scaleX_effect&quot;:{&quot;unit&quot;:&quot;px&quot;,&quot;size&quot;:1,&quot;sizes&quot;:[]},&quot;_transform_scaleY_effect&quot;:{&quot;unit&quot;:&quot;px&quot;,&quot;size&quot;:1,&quot;sizes&quot;:[]},&quot;_transform_scaleX_effect_tablet&quot;:{&quot;unit&quot;:&quot;px&quot;,&quot;size&quot;:&quot;&quot;,&quot;sizes&quot;:[]},&quot;_transform_scaleX_effect_mobile&quot;:{&quot;unit&quot;:&quot;px&quot;,&quot;size&quot;:&quot;&quot;,&quot;sizes&quot;:[]},&quot;_transform_scaleY_effect_tablet&quot;:{&quot;unit&quot;:&quot;px&quot;,&quot;size&quot;:&quot;&quot;,&quot;sizes&quot;:[]},&quot;_transform_scaleY_effect_mobile&quot;:{&quot;unit&quot;:&quot;px&quot;,&quot;size&quot;:&quot;&quot;,&quot;sizes&quot;:[]}}\" data-widget_type=\"image.default\">\n\t\t\t\t<div class=\"elementor-widget-container\">\n\t\t\t\t\t\t\t\t\t\t\t\t\t\t\t<img decoding=\"async\" width=\"800\" height=\"600\" src=\"https:\/\/compagniefrontieres.fr\/wp-content\/uploads\/2025\/02\/J04A3745-1024x768.jpg\" class=\"attachment-large size-large wp-image-918\" alt=\"\" srcset=\"https:\/\/compagniefrontieres.fr\/wp-content\/uploads\/2025\/02\/J04A3745-1024x768.jpg 1024w, https:\/\/compagniefrontieres.fr\/wp-content\/uploads\/2025\/02\/J04A3745-300x225.jpg 300w, https:\/\/compagniefrontieres.fr\/wp-content\/uploads\/2025\/02\/J04A3745-768x576.jpg 768w, https:\/\/compagniefrontieres.fr\/wp-content\/uploads\/2025\/02\/J04A3745.jpg 1440w\" sizes=\"(max-width: 800px) 100vw, 800px\" \/>\t\t\t\t\t\t\t\t\t\t\t\t\t\t\t<\/div>\n\t\t\t\t<\/div>\n\t\t\t\t<\/div>\n\t\t<div class=\"elementor-element elementor-element-312558b e-con-full e-flex e-con e-child\" data-id=\"312558b\" data-element_type=\"container\" data-e-type=\"container\">\n\t\t\t\t<div class=\"elementor-element elementor-element-bca009d elementor-widget elementor-widget-text-editor\" data-id=\"bca009d\" data-element_type=\"widget\" data-e-type=\"widget\" data-widget_type=\"text-editor.default\">\n\t\t\t\t<div class=\"elementor-widget-container\">\n\t\t\t\t\t\t\t\t\t<p><img decoding=\"async\" class=\"size-medium wp-image-919 alignleft\" src=\"https:\/\/compagniefrontieres.fr\/wp-content\/uploads\/2025\/02\/ojlv-tmg-agnes-sol-03-e1740503758392-300x214.jpg\" alt=\"\" width=\"300\" height=\"214\" srcset=\"https:\/\/compagniefrontieres.fr\/wp-content\/uploads\/2025\/02\/ojlv-tmg-agnes-sol-03-e1740503758392-300x214.jpg 300w, https:\/\/compagniefrontieres.fr\/wp-content\/uploads\/2025\/02\/ojlv-tmg-agnes-sol-03-e1740503758392-1024x732.jpg 1024w, https:\/\/compagniefrontieres.fr\/wp-content\/uploads\/2025\/02\/ojlv-tmg-agnes-sol-03-e1740503758392-768x549.jpg 768w, https:\/\/compagniefrontieres.fr\/wp-content\/uploads\/2025\/02\/ojlv-tmg-agnes-sol-03-e1740503758392.jpg 1380w\" sizes=\"(max-width: 300px) 100vw, 300px\" \/>Form\u00e9e en Arts du Spectacle \u00e0 l&rsquo;Universit\u00e9 de Nice en 1999, Agn\u00e8s est parall\u00e8lement danseuse de la Compagnie Terre de Sienne\/Martine Paulet (Draguignan). Elle passe ensuite son Dipl\u00f4me d&rsquo;Etat de Professeur de danse en 2001, souhaitant obtenir des outils plus solides en mati\u00e8re d&rsquo;analyse du mouvement, d&rsquo;anatomie\/physiologie et aussi de p\u00e9dagogie. Durant sa formation, elle danse aupr\u00e8s des chor\u00e9graphes Sylvain Groud (alors danseur au ballet Preljocaj \u00e0 Aix) Felix Ruckert (Berlin) et au sein du collectif Eime (Marseille) dont elle co\u00e9crit les chor\u00e9graphies. Depuis toujours, son parcours \u00e0 la fois de danseuse-interpr\u00e8te et de p\u00e9dagogue lui permet de nourrir pleinement sa r\u00e9flexion et son engagement autour du corps, et de la danse comme m\u00e9diateur sensible de communication. Entre 2003 et 2013, Agn\u00e8s collabore avec les Cie Acte\/Annick Charlot (Lyon), Cie Mad\/Sylvain Groud (Rouen) et Cie l\u2019Adret\/David Rodrigo (Andernos). Elle s\u2019engage particuli\u00e8rement aupr\u00e8s de Sylvain Groud, dont la d\u00e9marche est de mener la danse dans des endroits insolites. Elle accompagne le chor\u00e9graphe sur sc\u00e8ne, mais aussi dans les couloirs des \u00e9tablissements hospitaliers et salles d\u2019attente, dans l\u2019intimit\u00e9 des chambres \u00e0 l\u2019abri des regards; elle donne aussi des ateliers aupr\u00e8s des patients et du personnel soignant et cette \u00e9troite collaboration l&rsquo;am\u00e8ne \u00e0 partager des projets tr\u00e8s puissants humainement. En 2007, la r\u00e9sidence de cr\u00e9ation d\u2019un spectacle avec des personnes en situation de handicap est un v\u00e9ritable choc pour elle, une r\u00e9v\u00e9lation : elle comprend qu\u2019elle peut d\u00e9sormais faire se c\u00f4toyer son amour pour la danse et pour l\u2019\u00eatre humain quel qu\u2019il soit. La danse, cette po\u00e9sie de l\u2019indicible, devient une passerelle possible, infinie, entre tous. Elle intervient plusieurs ann\u00e9es en EHPAD aupr\u00e8s de personnes en fin de vie, et continue d\u2019\u00eatre boulevers\u00e9e par le partage sensible que permet la danse, avec des personnes de prime abord emmur\u00e9es&#8230; Parall\u00e8lement, elle se forme en shiatsu : cette th\u00e9rapie manuelle d\u2019origine japonaise qui se fonde sur les principes de la m\u00e9decine traditionnelle chinoise. Pour Agn\u00e8s, l\u2019\u00e9tude du shiatsu est ainsi une autre fa\u00e7on d\u2019aborder le corps et le mouvement, et de consid\u00e9rer l\u2019\u00eatre dans son enti\u00e8ret\u00e9. Elle utilise sa connaissance sensorielle pour la mettre \u00e0 profit d\u2019une autre forme d\u2019\u00e9coute. En 2010, elle rejoint le Centre Chor\u00e9graphique National de Grenoble, alors dirig\u00e9 par Jean-Claude Gallotta. Elle sera interpr\u00e8te de ses pi\u00e8ces durant huit saisons, et se consacrera aux nombreuses tourn\u00e9es, enrichissant sa carri\u00e8re d\u2019interpr\u00e8te, avec pas loin d\u2019une centaine de dates par an. Elle s\u2019engagera aussi dans diff\u00e9rents projets p\u00e9dagogiques en lien avec les spectacles. Depuis 2019 elle accompagne Sylvain Groud, d\u00e9sormais \u00e0 la t\u00eate du CCN de Roubaix, en tant qu\u2019assistante-chor\u00e9graphique et poursuit aussi sa collaboration avec le CCN de Grenoble, alors dirig\u00e9 par Rachid Ouramdane et Yoann Bourgeois : ateliers aupr\u00e8s d\u2019\u00e9coles, de lyc\u00e9es, de cr\u00e8che, aupr\u00e8s d\u2019animateurs\/ formateurs. Elle est interpr\u00e8te du solo Eden, cr\u00e9\u00e9 par Rachid Ouramdane en Juillet 2020 lors du Tanz Danza Bolzano Festival et rejoindra l\u2019\u00e9quipe de Yoann Bourgeois pour une reprise de r\u00f4le sur Celui qui tombe, en mars 2022. En 2021, Agn\u00e8s devient chor\u00e9graphe associ\u00e9e la Compagnie Fr\u00f8nti\u00e8res.<\/p>\t\t\t\t\t\t\t\t<\/div>\n\t\t\t\t<\/div>\n\t\t\t\t<\/div>\n\t\t\t\t\t<\/div>\n\t\t\t\t<\/div>\n\t\t\t\t<\/div>\n\t\t","protected":false},"excerpt":{"rendered":"<p>Form\u00e9e en Arts du Spectacle \u00e0 l&rsquo;Universit\u00e9 de Nice en 1999, Agn\u00e8s est parall\u00e8lement danseuse de la Compagnie Terre de Sienne\/Martine Paulet (Draguignan). Elle passe ensuite son Dipl\u00f4me d&rsquo;Etat de Professeur de danse en 2001, souhaitant obtenir des outils plus solides en mati\u00e8re d&rsquo;analyse du mouvement, d&rsquo;anatomie\/physiologie et aussi de p\u00e9dagogie. Durant sa formation, elle [&hellip;]<\/p>\n","protected":false},"author":1,"featured_media":0,"parent":0,"menu_order":0,"comment_status":"closed","ping_status":"closed","template":"","meta":{"footnotes":""},"class_list":["post-915","page","type-page","status-publish","hentry"],"_links":{"self":[{"href":"https:\/\/compagniefrontieres.fr\/index.php?rest_route=\/wp\/v2\/pages\/915","targetHints":{"allow":["GET"]}}],"collection":[{"href":"https:\/\/compagniefrontieres.fr\/index.php?rest_route=\/wp\/v2\/pages"}],"about":[{"href":"https:\/\/compagniefrontieres.fr\/index.php?rest_route=\/wp\/v2\/types\/page"}],"author":[{"embeddable":true,"href":"https:\/\/compagniefrontieres.fr\/index.php?rest_route=\/wp\/v2\/users\/1"}],"replies":[{"embeddable":true,"href":"https:\/\/compagniefrontieres.fr\/index.php?rest_route=%2Fwp%2Fv2%2Fcomments&post=915"}],"version-history":[{"count":16,"href":"https:\/\/compagniefrontieres.fr\/index.php?rest_route=\/wp\/v2\/pages\/915\/revisions"}],"predecessor-version":[{"id":1614,"href":"https:\/\/compagniefrontieres.fr\/index.php?rest_route=\/wp\/v2\/pages\/915\/revisions\/1614"}],"wp:attachment":[{"href":"https:\/\/compagniefrontieres.fr\/index.php?rest_route=%2Fwp%2Fv2%2Fmedia&parent=915"}],"curies":[{"name":"wp","href":"https:\/\/api.w.org\/{rel}","templated":true}]}}

Agnès Canova

<div data-elementor-type="wp-page" data-elementor-id="915" class="elementor elementor-915" data-elementor-post-type="page">
				<div class="elementor-element elementor-element-9051a62 e-flex e-con-boxed e-con e-parent" data-id="9051a62" data-element_type="container" data-e-type="container">
					<div class="e-con-inner">
				<div class="elementor-element elementor-element-3b40027 elementor-widget elementor-widget-spacer" data-id="3b40027" data-element_type="widget" data-e-type="widget" data-widget_type="spacer.default">
				<div class="elementor-widget-container">
							<div class="elementor-spacer">
			<div class="elementor-spacer-inner"></div>
		</div>
						</div>
				</div>
					</div>
				</div>
		<div class="elementor-element elementor-element-f1a23e3 e-flex e-con-boxed e-con e-parent" data-id="f1a23e3" data-element_type="container" data-e-type="container">
					<div class="e-con-inner">
		<div class="elementor-element elementor-element-9fc2111 e-con-full e-flex e-con e-child" data-id="9fc2111" data-element_type="container" data-e-type="container">
				<div class="elementor-element elementor-element-8038c03 elementor-widget elementor-widget-image" data-id="8038c03" data-element_type="widget" data-e-type="widget" data-widget_type="image.default">
				<div class="elementor-widget-container">
															<img fetchpriority="high" decoding="async" width="800" height="534" src="https://compagniefrontieres.fr/wp-content/uploads/2024/02/IMG_6259-1024x683.jpg" class="attachment-large size-large wp-image-171" alt="" srcset="https://compagniefrontieres.fr/wp-content/uploads/2024/02/IMG_6259-1024x683.jpg 1024w, https://compagniefrontieres.fr/wp-content/uploads/2024/02/IMG_6259-300x200.jpg 300w, https://compagniefrontieres.fr/wp-content/uploads/2024/02/IMG_6259-768x512.jpg 768w, https://compagniefrontieres.fr/wp-content/uploads/2024/02/IMG_6259-1536x1024.jpg 1536w, https://compagniefrontieres.fr/wp-content/uploads/2024/02/IMG_6259-2048x1365.jpg 2048w" sizes="(max-width: 800px) 100vw, 800px" />															</div>
				</div>
				</div>
		<div class="elementor-element elementor-element-f545c33 e-con-full e-flex e-con e-child" data-id="f545c33" data-element_type="container" data-e-type="container">
				<div class="elementor-element elementor-element-2b26a2a elementor-widget__width-initial e-transform elementor-widget elementor-widget-image" data-id="2b26a2a" data-element_type="widget" data-e-type="widget" data-settings="{&quot;_transform_scaleX_effect&quot;:{&quot;unit&quot;:&quot;px&quot;,&quot;size&quot;:1,&quot;sizes&quot;:[]},&quot;_transform_scaleY_effect&quot;:{&quot;unit&quot;:&quot;px&quot;,&quot;size&quot;:1,&quot;sizes&quot;:[]},&quot;_transform_scaleX_effect_tablet&quot;:{&quot;unit&quot;:&quot;px&quot;,&quot;size&quot;:&quot;&quot;,&quot;sizes&quot;:[]},&quot;_transform_scaleX_effect_mobile&quot;:{&quot;unit&quot;:&quot;px&quot;,&quot;size&quot;:&quot;&quot;,&quot;sizes&quot;:[]},&quot;_transform_scaleY_effect_tablet&quot;:{&quot;unit&quot;:&quot;px&quot;,&quot;size&quot;:&quot;&quot;,&quot;sizes&quot;:[]},&quot;_transform_scaleY_effect_mobile&quot;:{&quot;unit&quot;:&quot;px&quot;,&quot;size&quot;:&quot;&quot;,&quot;sizes&quot;:[]}}" data-widget_type="image.default">
				<div class="elementor-widget-container">
															<img decoding="async" width="800" height="600" src="https://compagniefrontieres.fr/wp-content/uploads/2025/02/J04A3745-1024x768.jpg" class="attachment-large size-large wp-image-918" alt="" srcset="https://compagniefrontieres.fr/wp-content/uploads/2025/02/J04A3745-1024x768.jpg 1024w, https://compagniefrontieres.fr/wp-content/uploads/2025/02/J04A3745-300x225.jpg 300w, https://compagniefrontieres.fr/wp-content/uploads/2025/02/J04A3745-768x576.jpg 768w, https://compagniefrontieres.fr/wp-content/uploads/2025/02/J04A3745.jpg 1440w" sizes="(max-width: 800px) 100vw, 800px" />															</div>
				</div>
				</div>
		<div class="elementor-element elementor-element-312558b e-con-full e-flex e-con e-child" data-id="312558b" data-element_type="container" data-e-type="container">
				<div class="elementor-element elementor-element-bca009d elementor-widget elementor-widget-text-editor" data-id="bca009d" data-element_type="widget" data-e-type="widget" data-widget_type="text-editor.default">
				<div class="elementor-widget-container">
									<p><img decoding="async" class="size-medium wp-image-919 alignleft" src="https://compagniefrontieres.fr/wp-content/uploads/2025/02/ojlv-tmg-agnes-sol-03-e1740503758392-300x214.jpg" alt="" width="300" height="214" srcset="https://compagniefrontieres.fr/wp-content/uploads/2025/02/ojlv-tmg-agnes-sol-03-e1740503758392-300x214.jpg 300w, https://compagniefrontieres.fr/wp-content/uploads/2025/02/ojlv-tmg-agnes-sol-03-e1740503758392-1024x732.jpg 1024w, https://compagniefrontieres.fr/wp-content/uploads/2025/02/ojlv-tmg-agnes-sol-03-e1740503758392-768x549.jpg 768w, https://compagniefrontieres.fr/wp-content/uploads/2025/02/ojlv-tmg-agnes-sol-03-e1740503758392.jpg 1380w" sizes="(max-width: 300px) 100vw, 300px" />Formée en Arts du Spectacle à l&rsquo;Université de Nice en 1999, Agnès est parallèlement danseuse de la Compagnie Terre de Sienne/Martine Paulet (Draguignan). Elle passe ensuite son Diplôme d&rsquo;Etat de Professeur de danse en 2001, souhaitant obtenir des outils plus solides en matière d&rsquo;analyse du mouvement, d&rsquo;anatomie/physiologie et aussi de pédagogie. Durant sa formation, elle danse auprès des chorégraphes Sylvain Groud (alors danseur au ballet Preljocaj à Aix) Felix Ruckert (Berlin) et au sein du collectif Eime (Marseille) dont elle coécrit les chorégraphies. Depuis toujours, son parcours à la fois de danseuse-interprète et de pédagogue lui permet de nourrir pleinement sa réflexion et son engagement autour du corps, et de la danse comme médiateur sensible de communication. Entre 2003 et 2013, Agnès collabore avec les Cie Acte/Annick Charlot (Lyon), Cie Mad/Sylvain Groud (Rouen) et Cie l’Adret/David Rodrigo (Andernos). Elle s’engage particulièrement auprès de Sylvain Groud, dont la démarche est de mener la danse dans des endroits insolites. Elle accompagne le chorégraphe sur scène, mais aussi dans les couloirs des établissements hospitaliers et salles d’attente, dans l’intimité des chambres à l’abri des regards; elle donne aussi des ateliers auprès des patients et du personnel soignant et cette étroite collaboration l&rsquo;amène à partager des projets très puissants humainement. En 2007, la résidence de création d’un spectacle avec des personnes en situation de handicap est un véritable choc pour elle, une révélation : elle comprend qu’elle peut désormais faire se côtoyer son amour pour la danse et pour l’être humain quel qu’il soit. La danse, cette poésie de l’indicible, devient une passerelle possible, infinie, entre tous. Elle intervient plusieurs années en EHPAD auprès de personnes en fin de vie, et continue d’être bouleversée par le partage sensible que permet la danse, avec des personnes de prime abord emmurées&#8230; Parallèlement, elle se forme en shiatsu : cette thérapie manuelle d’origine japonaise qui se fonde sur les principes de la médecine traditionnelle chinoise. Pour Agnès, l’étude du shiatsu est ainsi une autre façon d’aborder le corps et le mouvement, et de considérer l’être dans son entièreté. Elle utilise sa connaissance sensorielle pour la mettre à profit d’une autre forme d’écoute. En 2010, elle rejoint le Centre Chorégraphique National de Grenoble, alors dirigé par Jean-Claude Gallotta. Elle sera interprète de ses pièces durant huit saisons, et se consacrera aux nombreuses tournées, enrichissant sa carrière d’interprète, avec pas loin d’une centaine de dates par an. Elle s’engagera aussi dans différents projets pédagogiques en lien avec les spectacles. Depuis 2019 elle accompagne Sylvain Groud, désormais à la tête du CCN de Roubaix, en tant qu’assistante-chorégraphique et poursuit aussi sa collaboration avec le CCN de Grenoble, alors dirigé par Rachid Ouramdane et Yoann Bourgeois : ateliers auprès d’écoles, de lycées, de crèche, auprès d’animateurs/ formateurs. Elle est interprète du solo Eden, créé par Rachid Ouramdane en Juillet 2020 lors du Tanz Danza Bolzano Festival et rejoindra l’équipe de Yoann Bourgeois pour une reprise de rôle sur Celui qui tombe, en mars 2022. En 2021, Agnès devient chorégraphe associée la Compagnie Frøntières.</p>								</div>
				</div>
				</div>
					</div>
				</div>
				</div>

<p>Formée en Arts du Spectacle à l&rsquo;Université de Nice en 1999, Agnès est parallèlement danseuse de la Compagnie Terre de Sienne/Martine Paulet (Draguignan). Elle passe ensuite son Diplôme d&rsquo;Etat de Professeur de danse en 2001, souhaitant obtenir des outils plus solides en matière d&rsquo;analyse du mouvement, d&rsquo;anatomie/physiologie et aussi de pédagogie. Durant sa formation, elle [&hellip;]</p>
