{"id":902,"date":"2025-02-25T16:40:19","date_gmt":"2025-02-25T16:40:19","guid":{"rendered":"https:\/\/compagniefrontieres.fr\/?page_id=902"},"modified":"2025-02-27T16:29:43","modified_gmt":"2025-02-27T16:29:43","slug":"lilou-niang","status":"publish","type":"page","link":"https:\/\/compagniefrontieres.fr\/?page_id=902","title":{"rendered":"Lilou Niang"},"content":{"rendered":"\t\t<div data-elementor-type=\"wp-page\" data-elementor-id=\"902\" class=\"elementor elementor-902\" data-elementor-post-type=\"page\">\n\t\t\t\t<div class=\"elementor-element elementor-element-66903ef e-flex e-con-boxed e-con e-parent\" data-id=\"66903ef\" data-element_type=\"container\" data-e-type=\"container\">\n\t\t\t\t\t<div class=\"e-con-inner\">\n\t\t\t\t<div class=\"elementor-element elementor-element-bf81c3e elementor-widget elementor-widget-spacer\" data-id=\"bf81c3e\" data-element_type=\"widget\" data-e-type=\"widget\" data-widget_type=\"spacer.default\">\n\t\t\t\t<div class=\"elementor-widget-container\">\n\t\t\t\t\t\t\t<div class=\"elementor-spacer\">\n\t\t\t<div class=\"elementor-spacer-inner\"><\/div>\n\t\t<\/div>\n\t\t\t\t\t\t<\/div>\n\t\t\t\t<\/div>\n\t\t\t\t\t<\/div>\n\t\t\t\t<\/div>\n\t\t<div class=\"elementor-element elementor-element-0d91ef5 e-flex e-con-boxed e-con e-parent\" data-id=\"0d91ef5\" data-element_type=\"container\" data-e-type=\"container\">\n\t\t\t\t\t<div class=\"e-con-inner\">\n\t\t<div class=\"elementor-element elementor-element-eb4c203 e-con-full e-flex e-con e-child\" data-id=\"eb4c203\" data-element_type=\"container\" data-e-type=\"container\">\n\t\t\t\t<div class=\"elementor-element elementor-element-b80ef06 elementor-widget elementor-widget-image\" data-id=\"b80ef06\" data-element_type=\"widget\" data-e-type=\"widget\" data-widget_type=\"image.default\">\n\t\t\t\t<div class=\"elementor-widget-container\">\n\t\t\t\t\t\t\t\t\t\t\t\t\t\t\t<img fetchpriority=\"high\" decoding=\"async\" width=\"800\" height=\"534\" src=\"https:\/\/compagniefrontieres.fr\/wp-content\/uploads\/2025\/02\/PHOTO-KO-2021-04-29-01-10-01-1024x683.jpg\" class=\"attachment-large size-large wp-image-904\" alt=\"\" srcset=\"https:\/\/compagniefrontieres.fr\/wp-content\/uploads\/2025\/02\/PHOTO-KO-2021-04-29-01-10-01-1024x683.jpg 1024w, https:\/\/compagniefrontieres.fr\/wp-content\/uploads\/2025\/02\/PHOTO-KO-2021-04-29-01-10-01-300x200.jpg 300w, https:\/\/compagniefrontieres.fr\/wp-content\/uploads\/2025\/02\/PHOTO-KO-2021-04-29-01-10-01-768x512.jpg 768w, https:\/\/compagniefrontieres.fr\/wp-content\/uploads\/2025\/02\/PHOTO-KO-2021-04-29-01-10-01.jpg 1080w\" sizes=\"(max-width: 800px) 100vw, 800px\" \/>\t\t\t\t\t\t\t\t\t\t\t\t\t\t\t<\/div>\n\t\t\t\t<\/div>\n\t\t\t\t<\/div>\n\t\t<div class=\"elementor-element elementor-element-cb76ba5 e-con-full e-flex e-con e-child\" data-id=\"cb76ba5\" data-element_type=\"container\" data-e-type=\"container\">\n\t\t\t\t<div class=\"elementor-element elementor-element-99bf87f elementor-widget__width-initial elementor-widget elementor-widget-image\" data-id=\"99bf87f\" data-element_type=\"widget\" data-e-type=\"widget\" data-widget_type=\"image.default\">\n\t\t\t\t<div class=\"elementor-widget-container\">\n\t\t\t\t\t\t\t\t\t\t\t\t<figure class=\"wp-caption\">\n\t\t\t\t\t\t\t\t\t\t<img decoding=\"async\" width=\"768\" height=\"576\" src=\"https:\/\/compagniefrontieres.fr\/wp-content\/uploads\/2025\/02\/J04A3773-768x576.jpg\" class=\"attachment-medium_large size-medium_large wp-image-905\" alt=\"\" srcset=\"https:\/\/compagniefrontieres.fr\/wp-content\/uploads\/2025\/02\/J04A3773-768x576.jpg 768w, https:\/\/compagniefrontieres.fr\/wp-content\/uploads\/2025\/02\/J04A3773-300x225.jpg 300w, https:\/\/compagniefrontieres.fr\/wp-content\/uploads\/2025\/02\/J04A3773-1024x768.jpg 1024w, https:\/\/compagniefrontieres.fr\/wp-content\/uploads\/2025\/02\/J04A3773.jpg 1440w\" sizes=\"(max-width: 768px) 100vw, 768px\" \/>\t\t\t\t\t\t\t\t\t\t\t<figcaption class=\"widget-image-caption wp-caption-text\">Cr\u00e9dit photo: Nic\u00e9phore<\/figcaption>\n\t\t\t\t\t\t\t\t\t\t<\/figure>\n\t\t\t\t\t\t\t\t\t<\/div>\n\t\t\t\t<\/div>\n\t\t\t\t<\/div>\n\t\t<div class=\"elementor-element elementor-element-0028944 e-con-full e-flex e-con e-child\" data-id=\"0028944\" data-element_type=\"container\" data-e-type=\"container\">\n\t\t\t\t<div class=\"elementor-element elementor-element-33dc40f elementor-widget elementor-widget-text-editor\" data-id=\"33dc40f\" data-element_type=\"widget\" data-e-type=\"widget\" data-widget_type=\"text-editor.default\">\n\t\t\t\t<div class=\"elementor-widget-container\">\n\t\t\t\t\t\t\t\t\t<p><img decoding=\"async\" class=\"alignright wp-image-160 size-full\" src=\"https:\/\/compagniefrontieres.fr\/wp-content\/uploads\/2024\/02\/Lilou-portrait-e1707493850981.png\" alt=\"\" width=\"256\" height=\"269\" \/>Elle entre d\u00e8s l\u2019\u00e2ge de treize ans au Conservatoire \u00e0 Rayonnement R\u00e9gional de Paris, et se forme durant deux ann\u00e9es \u00e0 la pratique de la danse classique et contemporaine. Ses rencontres avec des enseignantes telles que Catherine Vesque ou Priscilla Danton lui permettent de d\u00e9couvrir et d\u2019approfondir l\u2019univers et la gestuelle de chor\u00e9graphes tels que Dominique Bagouet ou Alwin Nicolais. En 2009 elle int\u00e8gre le Conservatoire National Sup\u00e9rieur de Musique et de Danse de Paris. Au cours de cette formation tr\u00e8s compl\u00e8te, elle se sent particuli\u00e8rement sensible aux r\u00e9pertoires de Pina Bausch et d\u2019Anne Teresa de Keersmaeker, mais aussi \u00e0 l\u2019analyse du mouvement dans\u00e9 aupr\u00e8s d\u2019Odile Rouquet, et \u00e0 la d\u00e9couverte de la notation chor\u00e9graphique. Durant ces cinq ann\u00e9es, des rencontres fondatrices se feront, comme celles avec Nathalie Pubellier ou Cristiana Morganti. C\u2019est \u00e0 travers leur travail que Lilou se sentira en totale ad\u00e9quation. Elle trouvera du sens dans leur d\u00e9marche artistique, \u00e0 travers la recherche de sensation, de saveur, plus que dans l\u2019esth\u00e9tisme ou la forme, et sera v\u00e9ritablement guid\u00e9e par cette d\u00e9couverte. Cette pratique lui donnera imm\u00e9diatement les clefs et l\u2019envie de composer. En parall\u00e8le \u00e0 ses ann\u00e9es au Conservatoire, Lilou ne cessera de favoriser des rencontres humaines avec la danse comme bagage et comme moyen de communication. Elle donnera ainsi des stages pour la FOL (F\u00e9d\u00e9ration des Oeuvres La\u00efques) d\u2019Ard\u00e8che, des classes artistiques et des ateliers, particuli\u00e8rement aupr\u00e8s de milieux sociaux en difficult\u00e9. Elle s\u2019investira tr\u00e8s r\u00e9guli\u00e8rement au sein de la maison de retraite de Lilas \u00e0 Paris. Son engagement si fort sur le terrain, alors qu\u2019elle est encore \u00e9tudiante, r\u00e9v\u00e8le une n\u00e9cessit\u00e9 de porter la danse comme un langage et une valeur intens\u00e9ment humaine. Elle choisit naturellement d\u2019aller \u00e0 la rencontre des publics qui n\u2019ont pas ou plus acc\u00e8s \u00e0 la culture, dans une d\u00e9marche de partage et d\u2019ouverture. Lilou accompagnera aussi de futurs danseurs pour leur examen d\u2019entr\u00e9e au conservatoire, d\u00e9sireuse de transmettre son exp\u00e9rience et son soutien. Tr\u00e8s fra\u00eechement dipl\u00f4m\u00e9e, elle est engag\u00e9e en 2015 par Jean-Claude Gallotta au Centre Chor\u00e9graphique National de Grenoble. Elle fera alors partie de toutes ses cr\u00e9ations ou reprises et poursuit encore aujourd\u2019hui sa collaboration aupr\u00e8s du chor\u00e9graphe. Sur cette m\u00eame p\u00e9riode elle participe \u00e0 d\u2019autres projets tels que la c\u00e9l\u00e9bration du centenaire de la collaboration franco-am\u00e9ricaine, \u00e0 bord du navire Queen Mary 2. Lors de cet \u00e9v\u00e9nement qui se d\u00e9roule entre Saint-Nazaire et New-York, elle est chor\u00e9graphe et interpr\u00e8te en \u00e9troite collaboration avec le musicien Paul Lay. Son insatiable curiosit\u00e9, et son besoin d\u2019apprendre incessamment pousseront Lilou \u00e0 suivre, durant le confinement, une formation sur les m\u00e9tiers de la mode et de la couture, obtenant ainsi un dipl\u00f4me de styliste-mod\u00e9liste. En 2021, Lilou rejoint aussi Sanou Salia aupr\u00e8s de sa compagnie Mouvements Perp\u00e9tuels, pour la cr\u00e9ation de la pi\u00e8ce D\u2019un r\u00eave jou\u00e9e au Festival Montpellier Danse, et dont les tourn\u00e9es se poursuivent sur la saison 21-22. Cette m\u00eame ann\u00e9e, Lilou devient chor\u00e9graphe associ\u00e9e de la Compagnie Fr\u00f8nti\u00e8res avec Agn\u00e8s Canova.<\/p>\t\t\t\t\t\t\t\t<\/div>\n\t\t\t\t<\/div>\n\t\t\t\t<\/div>\n\t\t\t\t\t<\/div>\n\t\t\t\t<\/div>\n\t\t\t\t<\/div>\n\t\t","protected":false},"excerpt":{"rendered":"<p>Cr\u00e9dit photo: Nic\u00e9phore Elle entre d\u00e8s l\u2019\u00e2ge de treize ans au Conservatoire \u00e0 Rayonnement R\u00e9gional de Paris, et se forme durant deux ann\u00e9es \u00e0 la pratique de la danse classique et contemporaine. Ses rencontres avec des enseignantes telles que Catherine Vesque ou Priscilla Danton lui permettent de d\u00e9couvrir et d\u2019approfondir l\u2019univers et la gestuelle de [&hellip;]<\/p>\n","protected":false},"author":1,"featured_media":0,"parent":0,"menu_order":0,"comment_status":"closed","ping_status":"closed","template":"","meta":{"footnotes":""},"class_list":["post-902","page","type-page","status-publish","hentry"],"_links":{"self":[{"href":"https:\/\/compagniefrontieres.fr\/index.php?rest_route=\/wp\/v2\/pages\/902","targetHints":{"allow":["GET"]}}],"collection":[{"href":"https:\/\/compagniefrontieres.fr\/index.php?rest_route=\/wp\/v2\/pages"}],"about":[{"href":"https:\/\/compagniefrontieres.fr\/index.php?rest_route=\/wp\/v2\/types\/page"}],"author":[{"embeddable":true,"href":"https:\/\/compagniefrontieres.fr\/index.php?rest_route=\/wp\/v2\/users\/1"}],"replies":[{"embeddable":true,"href":"https:\/\/compagniefrontieres.fr\/index.php?rest_route=%2Fwp%2Fv2%2Fcomments&post=902"}],"version-history":[{"count":11,"href":"https:\/\/compagniefrontieres.fr\/index.php?rest_route=\/wp\/v2\/pages\/902\/revisions"}],"predecessor-version":[{"id":962,"href":"https:\/\/compagniefrontieres.fr\/index.php?rest_route=\/wp\/v2\/pages\/902\/revisions\/962"}],"wp:attachment":[{"href":"https:\/\/compagniefrontieres.fr\/index.php?rest_route=%2Fwp%2Fv2%2Fmedia&parent=902"}],"curies":[{"name":"wp","href":"https:\/\/api.w.org\/{rel}","templated":true}]}}

<div data-elementor-type="wp-page" data-elementor-id="902" class="elementor elementor-902" data-elementor-post-type="page">
				<div class="elementor-element elementor-element-66903ef e-flex e-con-boxed e-con e-parent" data-id="66903ef" data-element_type="container" data-e-type="container">
					<div class="e-con-inner">
				<div class="elementor-element elementor-element-bf81c3e elementor-widget elementor-widget-spacer" data-id="bf81c3e" data-element_type="widget" data-e-type="widget" data-widget_type="spacer.default">
				<div class="elementor-widget-container">
							<div class="elementor-spacer">
			<div class="elementor-spacer-inner"></div>
		</div>
						</div>
				</div>
					</div>
				</div>
		<div class="elementor-element elementor-element-0d91ef5 e-flex e-con-boxed e-con e-parent" data-id="0d91ef5" data-element_type="container" data-e-type="container">
					<div class="e-con-inner">
		<div class="elementor-element elementor-element-eb4c203 e-con-full e-flex e-con e-child" data-id="eb4c203" data-element_type="container" data-e-type="container">
				<div class="elementor-element elementor-element-b80ef06 elementor-widget elementor-widget-image" data-id="b80ef06" data-element_type="widget" data-e-type="widget" data-widget_type="image.default">
				<div class="elementor-widget-container">
															<img fetchpriority="high" decoding="async" width="800" height="534" src="https://compagniefrontieres.fr/wp-content/uploads/2025/02/PHOTO-KO-2021-04-29-01-10-01-1024x683.jpg" class="attachment-large size-large wp-image-904" alt="" srcset="https://compagniefrontieres.fr/wp-content/uploads/2025/02/PHOTO-KO-2021-04-29-01-10-01-1024x683.jpg 1024w, https://compagniefrontieres.fr/wp-content/uploads/2025/02/PHOTO-KO-2021-04-29-01-10-01-300x200.jpg 300w, https://compagniefrontieres.fr/wp-content/uploads/2025/02/PHOTO-KO-2021-04-29-01-10-01-768x512.jpg 768w, https://compagniefrontieres.fr/wp-content/uploads/2025/02/PHOTO-KO-2021-04-29-01-10-01.jpg 1080w" sizes="(max-width: 800px) 100vw, 800px" />															</div>
				</div>
				</div>
		<div class="elementor-element elementor-element-cb76ba5 e-con-full e-flex e-con e-child" data-id="cb76ba5" data-element_type="container" data-e-type="container">
				<div class="elementor-element elementor-element-99bf87f elementor-widget__width-initial elementor-widget elementor-widget-image" data-id="99bf87f" data-element_type="widget" data-e-type="widget" data-widget_type="image.default">
				<div class="elementor-widget-container">
												<figure class="wp-caption">
										<img decoding="async" width="768" height="576" src="https://compagniefrontieres.fr/wp-content/uploads/2025/02/J04A3773-768x576.jpg" class="attachment-medium_large size-medium_large wp-image-905" alt="" srcset="https://compagniefrontieres.fr/wp-content/uploads/2025/02/J04A3773-768x576.jpg 768w, https://compagniefrontieres.fr/wp-content/uploads/2025/02/J04A3773-300x225.jpg 300w, https://compagniefrontieres.fr/wp-content/uploads/2025/02/J04A3773-1024x768.jpg 1024w, https://compagniefrontieres.fr/wp-content/uploads/2025/02/J04A3773.jpg 1440w" sizes="(max-width: 768px) 100vw, 768px" />											<figcaption class="widget-image-caption wp-caption-text">Crédit photo: Nicéphore</figcaption>
										</figure>
									</div>
				</div>
				</div>
		<div class="elementor-element elementor-element-0028944 e-con-full e-flex e-con e-child" data-id="0028944" data-element_type="container" data-e-type="container">
				<div class="elementor-element elementor-element-33dc40f elementor-widget elementor-widget-text-editor" data-id="33dc40f" data-element_type="widget" data-e-type="widget" data-widget_type="text-editor.default">
				<div class="elementor-widget-container">
									<p><img decoding="async" class="alignright wp-image-160 size-full" src="https://compagniefrontieres.fr/wp-content/uploads/2024/02/Lilou-portrait-e1707493850981.png" alt="" width="256" height="269" />Elle entre dès l’âge de treize ans au Conservatoire à Rayonnement Régional de Paris, et se forme durant deux années à la pratique de la danse classique et contemporaine. Ses rencontres avec des enseignantes telles que Catherine Vesque ou Priscilla Danton lui permettent de découvrir et d’approfondir l’univers et la gestuelle de chorégraphes tels que Dominique Bagouet ou Alwin Nicolais. En 2009 elle intègre le Conservatoire National Supérieur de Musique et de Danse de Paris. Au cours de cette formation très complète, elle se sent particulièrement sensible aux répertoires de Pina Bausch et d’Anne Teresa de Keersmaeker, mais aussi à l’analyse du mouvement dansé auprès d’Odile Rouquet, et à la découverte de la notation chorégraphique. Durant ces cinq années, des rencontres fondatrices se feront, comme celles avec Nathalie Pubellier ou Cristiana Morganti. C’est à travers leur travail que Lilou se sentira en totale adéquation. Elle trouvera du sens dans leur démarche artistique, à travers la recherche de sensation, de saveur, plus que dans l’esthétisme ou la forme, et sera véritablement guidée par cette découverte. Cette pratique lui donnera immédiatement les clefs et l’envie de composer. En parallèle à ses années au Conservatoire, Lilou ne cessera de favoriser des rencontres humaines avec la danse comme bagage et comme moyen de communication. Elle donnera ainsi des stages pour la FOL (Fédération des Oeuvres Laïques) d’Ardèche, des classes artistiques et des ateliers, particulièrement auprès de milieux sociaux en difficulté. Elle s’investira très régulièrement au sein de la maison de retraite de Lilas à Paris. Son engagement si fort sur le terrain, alors qu’elle est encore étudiante, révèle une nécessité de porter la danse comme un langage et une valeur intensément humaine. Elle choisit naturellement d’aller à la rencontre des publics qui n’ont pas ou plus accès à la culture, dans une démarche de partage et d’ouverture. Lilou accompagnera aussi de futurs danseurs pour leur examen d’entrée au conservatoire, désireuse de transmettre son expérience et son soutien. Très fraîchement diplômée, elle est engagée en 2015 par Jean-Claude Gallotta au Centre Chorégraphique National de Grenoble. Elle fera alors partie de toutes ses créations ou reprises et poursuit encore aujourd’hui sa collaboration auprès du chorégraphe. Sur cette même période elle participe à d’autres projets tels que la célébration du centenaire de la collaboration franco-américaine, à bord du navire Queen Mary 2. Lors de cet événement qui se déroule entre Saint-Nazaire et New-York, elle est chorégraphe et interprète en étroite collaboration avec le musicien Paul Lay. Son insatiable curiosité, et son besoin d’apprendre incessamment pousseront Lilou à suivre, durant le confinement, une formation sur les métiers de la mode et de la couture, obtenant ainsi un diplôme de styliste-modéliste. En 2021, Lilou rejoint aussi Sanou Salia auprès de sa compagnie Mouvements Perpétuels, pour la création de la pièce D’un rêve jouée au Festival Montpellier Danse, et dont les tournées se poursuivent sur la saison 21-22. Cette même année, Lilou devient chorégraphe associée de la Compagnie Frøntières avec Agnès Canova.</p>								</div>
				</div>
				</div>
					</div>
				</div>
				</div>

<p>Crédit photo: Nicéphore Elle entre dès l’âge de treize ans au Conservatoire à Rayonnement Régional de Paris, et se forme durant deux années à la pratique de la danse classique et contemporaine. Ses rencontres avec des enseignantes telles que Catherine Vesque ou Priscilla Danton lui permettent de découvrir et d’approfondir l’univers et la gestuelle de [&hellip;]</p>
