{"id":46,"date":"2024-01-20T10:07:40","date_gmt":"2024-01-20T10:07:40","guid":{"rendered":"https:\/\/compagniefrontieres.fr\/?page_id=46"},"modified":"2025-12-16T11:09:21","modified_gmt":"2025-12-16T11:09:21","slug":"stages","status":"publish","type":"page","link":"https:\/\/compagniefrontieres.fr\/?page_id=46","title":{"rendered":"Stages"},"content":{"rendered":"\t\t<div data-elementor-type=\"wp-page\" data-elementor-id=\"46\" class=\"elementor elementor-46\" data-elementor-post-type=\"page\">\n\t\t\t\t<div class=\"elementor-element elementor-element-167496b e-flex e-con-boxed e-con e-parent\" data-id=\"167496b\" data-element_type=\"container\" data-e-type=\"container\" data-settings=\"{&quot;background_background&quot;:&quot;classic&quot;}\">\n\t\t\t\t\t<div class=\"e-con-inner\">\n\t\t\t\t<div class=\"elementor-element elementor-element-2d6a39b elementor-widget elementor-widget-text-editor\" data-id=\"2d6a39b\" data-element_type=\"widget\" data-e-type=\"widget\" data-widget_type=\"text-editor.default\">\n\t\t\t\t<div class=\"elementor-widget-container\">\n\t\t\t\t\t\t\t\t\t<h3 class=\"elementor-heading-title elementor-size-default\">La compagnie<\/h3><h3><strong>Fr\u00f8nti\u00e8re<\/strong>s propose des<\/h3><h3 class=\"elementor-heading-title elementor-size-default\">Ateliers tout public<br \/>Bernin &#8211; Le Cube<\/h3><h3>10h30\/16h30<\/h3><div class=\"CampaignHeader--Description gradient\"><p>Alors on danse! Agn\u00e8s Canova vous propose de vivre un temps de plaisir \u00e0 \u00eatre ensemble, \u00e0 travers la danse contemporaine. C&rsquo;est une invitation au partage et \u00e0 l\u2019\u00e9change, au ressenti, \u00e0 l\u2019\u00e9coute du corps, sans attente ni jugement. Les stages, ouverts \u00e0 tous, se d\u00e9roulent sur une journ\u00e9e de 5h de pratique qui s\u2019articulera ainsi : mise en mouvement des corps par un \u00e9chauffement progressif et ludique, propositions d\u2019improvisation, et temps d\u2019\u00e9criture chor\u00e9graphique.<\/p><div class=\"CampaignPresentation Card\" data-testid=\"campaign-presentation\"><div class=\"GeneratedContentWrapper\"><div class=\"'GeneratedContent\"><p>Stage propos\u00e9 par Agn\u00e8s Canova, danseuse et chor\u00e9graphe de la compagnie Fronti\u00e8res.<\/p><p>3 dates:\u00a0<\/p><\/div><\/div><\/div><p>\u00a0<\/p><div class=\"CampaignPresentation Card\" data-testid=\"campaign-presentation\"><div class=\"GeneratedContentWrapper\"><div class=\"'GeneratedContent\"><ul><li>Samedi 17 janvier 2026<\/li><li>Dimanche 1er mars 2026<\/li><li>Dimanche 21 juin 2026<\/li><\/ul><\/div><\/div><div class=\"GeneratedContentWrapper\"><div class=\"'GeneratedContent\"><p>\u00a0<\/p><p>Lieu: Bernin au Cube studio de danse Tilleul<\/p><p>Le Cube est en bas du village \u00e0 la limite des champs. Le studio Tilleul offre une vue magnifique sur les montagnes!<\/p><p>Acc\u00e8s bus, arr\u00eat Cloy\u00e8res (C11) ou Croix des Varvoux (autres bus)<\/p><p>Lien de covoiturage:<\/p><p>https:\/\/www.covoitribu.fr\/poll\/97930_OAok42PIrVztxX<\/p><p>Horaires: 10h30\/16h30 soit 5 heures de pratique et 1h de pause d\u00e9jeuner.<\/p><p>Pr\u00e9voir un pique-nique pour le d\u00e9jeuner (la boulangerie du village est \u00e0 1km).<\/p><p>Paiement avec Hello Asso<\/p><p>65\u20ac \/ atelier<\/p><p>Tarifs d\u00e9gressifs\u00a0<\/p><p>Tarif \u00e9tudiant-e-s: au moment du paiement sur Hello Asso, taper ETUDIANT dans le cadre PROMO. \u00a0Un justificatif pourra \u00eatre demand\u00e9.<\/p><\/div><\/div><\/div><\/div>\t\t\t\t\t\t\t\t<\/div>\n\t\t\t\t<\/div>\n\t\t\t\t\t<\/div>\n\t\t\t\t<\/div>\n\t\t<div class=\"elementor-element elementor-element-a287158 e-flex e-con-boxed e-con e-parent\" data-id=\"a287158\" data-element_type=\"container\" data-e-type=\"container\">\n\t\t\t\t\t<div class=\"e-con-inner\">\n\t\t<div class=\"elementor-element elementor-element-24a44b5 e-con-full e-flex e-con e-child\" data-id=\"24a44b5\" data-element_type=\"container\" data-e-type=\"container\">\n\t\t\t\t<div class=\"elementor-element elementor-element-408132d e-transform elementor-widget elementor-widget-heading\" data-id=\"408132d\" data-element_type=\"widget\" data-e-type=\"widget\" data-settings=\"{&quot;_transform_scale_effect&quot;:{&quot;unit&quot;:&quot;px&quot;,&quot;size&quot;:1,&quot;sizes&quot;:[]},&quot;_transform_scale_effect_tablet&quot;:{&quot;unit&quot;:&quot;px&quot;,&quot;size&quot;:&quot;&quot;,&quot;sizes&quot;:[]},&quot;_transform_scale_effect_mobile&quot;:{&quot;unit&quot;:&quot;px&quot;,&quot;size&quot;:&quot;&quot;,&quot;sizes&quot;:[]}}\" data-widget_type=\"heading.default\">\n\t\t\t\t<div class=\"elementor-widget-container\">\n\t\t\t\t\t<h1 class=\"elementor-heading-title elementor-size-default\"><a href=\"https:\/\/www.helloasso.com\/associations\/ablo-et-althea\/evenements\/stages-danse-25-26\">Inscriptions<\/a><\/h1>\t\t\t\t<\/div>\n\t\t\t\t<\/div>\n\t\t\t\t<\/div>\n\t\t\t\t\t<\/div>\n\t\t\t\t<\/div>\n\t\t<div class=\"elementor-element elementor-element-89ee1ac e-flex e-con-boxed e-con e-parent\" data-id=\"89ee1ac\" data-element_type=\"container\" data-e-type=\"container\">\n\t\t\t\t\t<div class=\"e-con-inner\">\n\t\t\t\t<div class=\"elementor-element elementor-element-63d8ca0 elementor-widget elementor-widget-text-editor\" data-id=\"63d8ca0\" data-element_type=\"widget\" data-e-type=\"widget\" data-widget_type=\"text-editor.default\">\n\t\t\t\t<div class=\"elementor-widget-container\">\n\t\t\t\t\t\t\t\t\t<h3>A l&rsquo;issue de l&rsquo;inscription, vous serez invit\u00e9s \u00e0 remplir un formulaire afin de choisir vos dates de stage<\/h3>\t\t\t\t\t\t\t\t<\/div>\n\t\t\t\t<\/div>\n\t\t\t\t<div class=\"elementor-element elementor-element-1a09941 elementor-align-center elementor-widget elementor-widget-button\" data-id=\"1a09941\" data-element_type=\"widget\" data-e-type=\"widget\" data-widget_type=\"button.default\">\n\t\t\t\t<div class=\"elementor-widget-container\">\n\t\t\t\t\t\t\t\t\t<div class=\"elementor-button-wrapper\">\n\t\t\t\t\t<a class=\"elementor-button elementor-button-link elementor-size-sm\" href=\"https:\/\/docs.google.com\/forms\/d\/e\/1FAIpQLSdpz_qkOrxtHI0fHUJQ4c9MI4cS7BKs2oONIz2hm01X1q77JA\/viewform\">\n\t\t\t\t\t\t<span class=\"elementor-button-content-wrapper\">\n\t\t\t\t\t\t\t\t\t<span class=\"elementor-button-text\">Questionnaire<\/span>\n\t\t\t\t\t<\/span>\n\t\t\t\t\t<\/a>\n\t\t\t\t<\/div>\n\t\t\t\t\t\t\t\t<\/div>\n\t\t\t\t<\/div>\n\t\t\t\t\t<\/div>\n\t\t\t\t<\/div>\n\t\t\t\t<\/div>\n\t\t","protected":false},"excerpt":{"rendered":"<p>La compagnie Fr\u00f8nti\u00e8res propose des Ateliers tout publicBernin &#8211; Le Cube 10h30\/16h30 Alors on danse! Agn\u00e8s Canova vous propose de vivre un temps de plaisir \u00e0 \u00eatre ensemble, \u00e0 travers la danse contemporaine. C&rsquo;est une invitation au partage et \u00e0 l\u2019\u00e9change, au ressenti, \u00e0 l\u2019\u00e9coute du corps, sans attente ni jugement. Les stages, ouverts \u00e0 [&hellip;]<\/p>\n","protected":false},"author":1,"featured_media":0,"parent":0,"menu_order":0,"comment_status":"closed","ping_status":"closed","template":"","meta":{"footnotes":""},"class_list":["post-46","page","type-page","status-publish","hentry"],"_links":{"self":[{"href":"https:\/\/compagniefrontieres.fr\/index.php?rest_route=\/wp\/v2\/pages\/46","targetHints":{"allow":["GET"]}}],"collection":[{"href":"https:\/\/compagniefrontieres.fr\/index.php?rest_route=\/wp\/v2\/pages"}],"about":[{"href":"https:\/\/compagniefrontieres.fr\/index.php?rest_route=\/wp\/v2\/types\/page"}],"author":[{"embeddable":true,"href":"https:\/\/compagniefrontieres.fr\/index.php?rest_route=\/wp\/v2\/users\/1"}],"replies":[{"embeddable":true,"href":"https:\/\/compagniefrontieres.fr\/index.php?rest_route=%2Fwp%2Fv2%2Fcomments&post=46"}],"version-history":[{"count":82,"href":"https:\/\/compagniefrontieres.fr\/index.php?rest_route=\/wp\/v2\/pages\/46\/revisions"}],"predecessor-version":[{"id":1461,"href":"https:\/\/compagniefrontieres.fr\/index.php?rest_route=\/wp\/v2\/pages\/46\/revisions\/1461"}],"wp:attachment":[{"href":"https:\/\/compagniefrontieres.fr\/index.php?rest_route=%2Fwp%2Fv2%2Fmedia&parent=46"}],"curies":[{"name":"wp","href":"https:\/\/api.w.org\/{rel}","templated":true}]}}

<div data-elementor-type="wp-page" data-elementor-id="46" class="elementor elementor-46" data-elementor-post-type="page">
				<div class="elementor-element elementor-element-167496b e-flex e-con-boxed e-con e-parent" data-id="167496b" data-element_type="container" data-e-type="container" data-settings="{&quot;background_background&quot;:&quot;classic&quot;}">
					<div class="e-con-inner">
				<div class="elementor-element elementor-element-2d6a39b elementor-widget elementor-widget-text-editor" data-id="2d6a39b" data-element_type="widget" data-e-type="widget" data-widget_type="text-editor.default">
				<div class="elementor-widget-container">
									<h3 class="elementor-heading-title elementor-size-default">La compagnie</h3><h3><strong>Frøntière</strong>s propose des</h3><h3 class="elementor-heading-title elementor-size-default">Ateliers tout public<br />Bernin &#8211; Le Cube</h3><h3>10h30/16h30</h3><div class="CampaignHeader--Description gradient"><p>Alors on danse! Agnès Canova vous propose de vivre un temps de plaisir à être ensemble, à travers la danse contemporaine. C&rsquo;est une invitation au partage et à l’échange, au ressenti, à l’écoute du corps, sans attente ni jugement. Les stages, ouverts à tous, se déroulent sur une journée de 5h de pratique qui s’articulera ainsi : mise en mouvement des corps par un échauffement progressif et ludique, propositions d’improvisation, et temps d’écriture chorégraphique.</p><div class="CampaignPresentation Card" data-testid="campaign-presentation"><div class="GeneratedContentWrapper"><div class="'GeneratedContent"><p>Stage proposé par Agnès Canova, danseuse et chorégraphe de la compagnie Frontières.</p><p>3 dates: </p></div></div></div><p> </p><div class="CampaignPresentation Card" data-testid="campaign-presentation"><div class="GeneratedContentWrapper"><div class="'GeneratedContent"><ul><li>Samedi 17 janvier 2026</li><li>Dimanche 1er mars 2026</li><li>Dimanche 21 juin 2026</li></ul></div></div><div class="GeneratedContentWrapper"><div class="'GeneratedContent"><p> </p><p>Lieu: Bernin au Cube studio de danse Tilleul</p><p>Le Cube est en bas du village à la limite des champs. Le studio Tilleul offre une vue magnifique sur les montagnes!</p><p>Accès bus, arrêt Cloyères (C11) ou Croix des Varvoux (autres bus)</p><p>Lien de covoiturage:</p><p>https://www.covoitribu.fr/poll/97930_OAok42PIrVztxX</p><p>Horaires: 10h30/16h30 soit 5 heures de pratique et 1h de pause déjeuner.</p><p>Prévoir un pique-nique pour le déjeuner (la boulangerie du village est à 1km).</p><p>Paiement avec Hello Asso</p><p>65€ / atelier</p><p>Tarifs dégressifs </p><p>Tarif étudiant-e-s: au moment du paiement sur Hello Asso, taper ETUDIANT dans le cadre PROMO.  Un justificatif pourra être demandé.</p></div></div></div></div>								</div>
				</div>
					</div>
				</div>
		<div class="elementor-element elementor-element-a287158 e-flex e-con-boxed e-con e-parent" data-id="a287158" data-element_type="container" data-e-type="container">
					<div class="e-con-inner">
		<div class="elementor-element elementor-element-24a44b5 e-con-full e-flex e-con e-child" data-id="24a44b5" data-element_type="container" data-e-type="container">
				<div class="elementor-element elementor-element-408132d e-transform elementor-widget elementor-widget-heading" data-id="408132d" data-element_type="widget" data-e-type="widget" data-settings="{&quot;_transform_scale_effect&quot;:{&quot;unit&quot;:&quot;px&quot;,&quot;size&quot;:1,&quot;sizes&quot;:[]},&quot;_transform_scale_effect_tablet&quot;:{&quot;unit&quot;:&quot;px&quot;,&quot;size&quot;:&quot;&quot;,&quot;sizes&quot;:[]},&quot;_transform_scale_effect_mobile&quot;:{&quot;unit&quot;:&quot;px&quot;,&quot;size&quot;:&quot;&quot;,&quot;sizes&quot;:[]}}" data-widget_type="heading.default">
				<div class="elementor-widget-container">
					<h1 class="elementor-heading-title elementor-size-default"><a href="https://www.helloasso.com/associations/ablo-et-althea/evenements/stages-danse-25-26">Inscriptions</a></h1>				</div>
				</div>
				</div>
					</div>
				</div>
		<div class="elementor-element elementor-element-89ee1ac e-flex e-con-boxed e-con e-parent" data-id="89ee1ac" data-element_type="container" data-e-type="container">
					<div class="e-con-inner">
				<div class="elementor-element elementor-element-63d8ca0 elementor-widget elementor-widget-text-editor" data-id="63d8ca0" data-element_type="widget" data-e-type="widget" data-widget_type="text-editor.default">
				<div class="elementor-widget-container">
									<h3>A l&rsquo;issue de l&rsquo;inscription, vous serez invités à remplir un formulaire afin de choisir vos dates de stage</h3>								</div>
				</div>
				<div class="elementor-element elementor-element-1a09941 elementor-align-center elementor-widget elementor-widget-button" data-id="1a09941" data-element_type="widget" data-e-type="widget" data-widget_type="button.default">
				<div class="elementor-widget-container">
									<div class="elementor-button-wrapper">
					<a class="elementor-button elementor-button-link elementor-size-sm" href="https://docs.google.com/forms/d/e/1FAIpQLSdpz_qkOrxtHI0fHUJQ4c9MI4cS7BKs2oONIz2hm01X1q77JA/viewform">
						<span class="elementor-button-content-wrapper">
									<span class="elementor-button-text">Questionnaire</span>
					</span>
					</a>
				</div>
								</div>
				</div>
					</div>
				</div>
				</div>

<p>La compagnie Frøntières propose des Ateliers tout publicBernin &#8211; Le Cube 10h30/16h30 Alors on danse! Agnès Canova vous propose de vivre un temps de plaisir à être ensemble, à travers la danse contemporaine. C&rsquo;est une invitation au partage et à l’échange, au ressenti, à l’écoute du corps, sans attente ni jugement. Les stages, ouverts à [&hellip;]</p>
